t be j(-15). Let k = 12 + t. Let y(p) = 3*p - 4. What is the remainder when y(3) is divided by k?
1
Suppose -2*i = r - 63, 0*r - r + 33 = i. What is the remainder when i is divided by 17?
13
Suppose 3*j = h - 0*j - 18, 14 = 3*h - j. Suppose 2*i - 16 = 4*q + h*i, 8 = 4*q - 5*i. What is the remainder when q/6*(3 + -25) is divided by 4?
3
Let o(u) = 2*u**3 - 39*u**2 + 189*u - 19. Let h(l) = 4*l**2 + 4*l + 3. What is the remainder when o(8) is divided by h(-2)?
10
Let g = -545 + 621. What is the remainder when g is divided by 16?
12
Let l(k) = -2*k - 5. Let f be l(-7). Suppose -3*n + 6 = f. What is the remainder when 749/14 + n/(-2) is divided by 28?
26
Let h(g) = -12*g - 65. What is the remainder when h(-7) is divided by (-11)/3*(-2 + -1)?
8
Suppose 29 = 5*k - 1. Let j = -4 + k. Suppose -j*s + 26 = 4. What is the remainder when s is divided by 3?
2
Suppose 0*b - 3*b + 32 = -4*g, -8*b - 4*g = -100. Calculate the remainder when 61 is divided by b.
1
Suppose -i - 5*z + 52 = 0, 3*z = i + 2*i - 120. What is the remainder when 42 is divided by i?
0
What is the remainder when -9 + -3 + 0 + 899 is divided by 74?
73
Let i = 2 - 15. Let h = -2 - i. Calculate the remainder when h is divided by 6.
5
Let m = -20 + 0. Let c(g) = 25*g. What is the remainder when c(1) is divided by -2 + 5/(m/(-36))?
4
Suppose 0 = 5*u - 2*u, 3*u + 15 = 3*o. Suppose 3*j + 440 = o*v, v - 288 = -2*v - 3*j. Calculate the remainder when v is divided by 24.
19
What is the remainder when 316 is divided by 80/(-440) + 422/22?
12
Let a be (-4)/(-18) - 4/18. Suppose 3*k + 17 = -a*k + f, -5*f - 20 = 0. Let s = k - -17. What is the remainder when 28 is divided by s?
8
Let a(g) be the second derivative of -g**3/3 + 2*g. Let d be a(2). Calculate the remainder when 31 is divided by ((-6)/d)/(9/48).
7
Suppose -k + 274 = 14*g - 10*g, 205 = 3*g + k. Calculate the remainder when g is divided by 21.
6
Let o be (-2)/(-20) + 836/440. Suppose 5*x + o*l - 45 = 0, -4*x = -x + l - 28. What is the remainder when 54 is divided by x?
10
Let o = 7 - 5. Suppose -o*g - 2*g + 172 = 0. Suppose -t + 6*a = 4*a - 5, -10 = t - 5*a. Calculate the remainder when g is divided by t.
13
Suppose -7*u + 10*u - 17 = -2*b, -5*u + 27 = 3*b. Calculate the remainder when 81 is divided by u.
0
Suppose 5*u + 11 = 2*w - 18, 3*u + 37 = 4*w. Suppose -28 + w = -d. What is the remainder when d is divided by 12?
9
Let x(k) = 3*k**3 - 5*k**2 - 6*k + 35. Calculate the remainder when x(3) is divided by 18.
17
Suppose -6*k + 54 = -3*k + 4*x, 0 = 2*k + 3*x - 35. Let c = -21 + k. Calculate the remainder when 2016/49 + c/(-7) is divided by 21.
20
Let x(a) = -a - 15. Let o be x(-9). Let c be o/(-4) + (-675)/30. Let w = 28 + c. Calculate the remainder when 19 is divided by w.
5
What is the remainder when ((3160/14)/(-2))/(16/(-112)) is divided by 44?
42
Suppose -6*v + 790 = -2. What is the remainder when v is divided by 34?
30
Suppose f = 4*z + 64, -3*z - 245 + 10 = -5*f. Let j = 203 + -119. Calculate the remainder when j is divided by f.
40
Let q be (-30)/40 + (-38)/(-8). Suppose -3*b + 4*g + 12 = -19, -5*b + q*g = -41. Suppose -v = -b - 0. What is the remainder when 14 is divided by v?
4
Suppose -57*n + 51*n + 2442 = 0. Calculate the remainder when n is divided by 17.
16
Let k = 2 - 155. What is the remainder when 109 is divided by (-56)/((-34)/k - (-40)/(-18))?
25
Let r = 27 + 0. Let a(u) = -2*u - 15. Let c be a(-9). What is the remainder when -1*c - 495/(-9) is divided by r?
25
Let c = -1427 + 1444. What is the remainder when 98 is divided by c?
13
Let y(v) = -7*v + 234. Calculate the remainder when 726 is divided by y(26).
50
Suppose -2*m - 6 = -14. Suppose m*q - 179 = 245. Calculate the remainder when q is divided by 12.
10
Suppose -3*u + c = -52 - 78, -u + 5*c + 20 = 0. Calculate the remainder when 86 is divided by u.
41
Let z(k) be the first derivative of k**3/3 - 9*k**2/2 - 13*k - 5. Let j be z(10). What is the remainder when 2*(j + 300/8) is divided by 18?
15
Suppose 71 + 1 = 2*n. Calculate the remainder when 754 is divided by n.
34
Suppose -3*a + 15 + 15 = 0. Calculate the remainder when (68/3 - 8/12)/((-7)/(-28)) is divided by a.
8
Let n be (-1)/(-3) + (-31)/3. Calculate the remainder when 104 is divided by 1/5 - 178/n.
14
Suppose 0 = -0*f - 3*f - 5*c - 67, 2*f + 4*c + 44 = 0. Let i(y) = y**2 + 23*y - 22. What is the remainder when 15 is divided by i(f)?
1
What is the remainder when (0 - -16)*(-391)/(-34) is divided by 23?
0
Suppose 0 = 4*r - 5*t + 9, 4*t - 2 = -2*r - 0. Let z(h) = -39*h. Let x(n) = n + 14. What is the remainder when z(r) is divided by x(7)?
18
Let a(q) = -2*q + 92. What is the remainder when a(0) is divided by 54?
38
What is the remainder when (-4 - (27/(-6) - 2))*6 is divided by 7?
1
Suppose 0 = -9*i + 6*i + 132. Suppose -p = -5*p + i. Calculate the remainder when p is divided by 4.
3
Let g be -3 - -110 - (-3 + 1 + 1). Suppose -2*z + 8*z - g = 0. Calculate the remainder when 33 is divided by z.
15
Let v(m) = 2*m**3 + 4*m - 4. Let z be v(2). Let d = z + -15. Suppose d*c = -0 + 65. Calculate the remainder when 37 is divided by c.
11
Let r be (-1 - 9)*8/(-20). Suppose -3*h + r*h = 5. Suppose 6*y - h*y = 63. Calculate the remainder when y is divided by 16.
15
Let f = 637 + -603. Calculate the remainder when f is divided by 12.
10
Let k = 1216 + -845. What is the remainder when k is divided by 47?
42
Let q(k) = 6*k + 3. Let a be q(-2). Let r = 11 + a. Let w = -1 + 5. Calculate the remainder when w is divided by r.
0
Suppose 3*x - 9 = 0, 3*z - x - 547 = -160. What is the remainder when z is divided by 7?
4
Suppose -8*w = -3*w - 105. What is the remainder when 78 is divided by w?
15
Let c(t) = 15*t. Let u be c(1). Let o = 69 + -64. Let s = o + u. Calculate the remainder when 57 is divided by s.
17
Let n be (78/91)/(2/7). Suppose 4*r = -20, 2*m - 90 = -n*m - 4*r. Calculate the remainder when 174 is divided by m.
20
Let i be 3 + -1 + (-4 - 4). Let g(l) = l**2 + 7*l + 8. What is the remainder when g(i) is divided by (2 - (-32)/(-40))/((-6)/(-10))?
0
Let v be 34/221 + (-37)/(-13). Calculate the remainder when 1272/10 - v/15 is divided by 26.
23
Let s = -64 + 126. Let h = 1 + 1. Suppose 37 + 37 = 4*w + 2*j, -7 = -h*w + 5*j. What is the remainder when s is divided by w?
14
Let d(x) = -x**2 - 4*x - 1. Let l be d(-7). Let s be (29 + 4 + -3)*1. Let b = s + l. Calculate the remainder when 13 is divided by b.
5
Let k = -43 + 36. Let x(p) = -p**3 - 5*p**2 + 2*p + 15. What is the remainder when x(k) is divided by 20?
19
Suppose 5*y + 110 = 30*y - 14*y. Let k(d) = -d**3 + 6*d**2 + 3*d. Calculate the remainder when k(6) is divided by y.
8
Suppose 2*q + 5*n - 17 = 0, -5*q - 3*n + 25 + 27 = 0. Suppose 0 = 3*g + g - 168. What is the remainder when g is divided by q?
9
Let k = 258 - 183. What is the remainder when k is divided by 42?
33
Let f(c) = -59*c + 1. Suppose -5*y = -10*y. Suppose -r + 36 = -5*n, -r + y*n + 4*n = -33. What is the remainder when f(-1) is divided by r?
18
What is the remainder when 5/40 + 5916/32 is divided by 63?
59
What is the remainder when 3 - 8 - ((1 - 2) + -28) is divided by 16?
8
Suppose 14*o + 42 = 16*o. Calculate the remainder when 60 is divided by o.
18
Suppose 56 = -45*v + 49*v. Let w(r) = -r**3 + 14*r**2 + 4*r - 12. What is the remainder when w(v) is divided by 24?
20
Let u(f) = 7*f - 13. Let z be u(13). Suppose z = 5*a + 53. Calculate the remainder when 26 is divided by a.
1
Let v be (-8)/14 + 192/42. Let u(y) be the first derivative of -y**3/3 + 3*y**2 + 3*y - 1. Calculate the remainder when u(v) is divided by 4.
3
Let m be 3*(3 + -1 + -3). Calculate the remainder when 32 + 3 + m + 1 is divided by 13.
7
Let f(m) = -7*m. Let o be f(-1). Suppose o*l - 92 = -36. Calculate the remainder when 45 is divided by l.
5
Suppose -5*b - 8 + 28 = 0. Suppose -n - b*n = -65. What is the remainder when 23 is divided by n?
10
Let h be (-14)/6 + (-3)/(-9). Let n(m) = 3*m**2 + 2*m + 2. What is the remainder when n(h) is divided by 5 + -1*(20/(-5) + 6)?
1
Suppose -5*d = -61*g + 66*g - 315, 0 = -g + 3*d + 51. What is the remainder when 1317 is divided by g?
57
Let m(p) be the first derivative of -2*p**2 + 8/3*p**3 + 3*p - 2. Calculate the remainder when m(3) is divided by 22.
19
Let i = 98 - 150. Let u = i - -31. Let h = 